{"id":134,"date":"2014-10-12T19:54:48","date_gmt":"2014-10-12T17:54:48","guid":{"rendered":"http:\/\/bernatowicz.pl\/?page_id=134"},"modified":"2014-10-12T19:54:56","modified_gmt":"2014-10-12T17:54:56","slug":"ciekawostki","status":"publish","type":"page","link":"https:\/\/bernatowicz.pl\/?page_id=134","title":{"rendered":"Ciekawostki"},"content":{"rendered":"<p><strong>Cytat z &#8222;Liber Chamorum&#8221;<\/strong><\/p>\n<p><em>Bernatowicz nazywa\u0142 si\u0119 Jasiek, syn Piskorka mieszczanina w Olesznicy w Sendomierskiem, pan\u00f3w Lanckoro\u0144skich poddany. Ten tam w sendomierskim kraju po s\u0142u\u017cbach chodzi\u0142 i anno 1630, za szlachcica udaj\u0105c si\u0119.<\/em><\/p>\n<p><strong>23 razy Bernatowicz<\/strong><\/p>\n<p>&#8222;S\u0142ownik Geograficzny Kr\u00f3lestwa Polskiego i innych kraj\u00f3w s\u0142owia\u0144skich&#8221; wymienia 23 razy nazwisko Bernatowicz. I tylko dwa razy jest to ta sama osoba: Feliks Bernatowicz, powie\u015bciopisarz, autor &#8222;Pojaty c\u00f3rki Lezdejki&#8221;, kt\u00f3ry urodzi\u0142 si\u0119 w folwarku Opuszata a zmar\u0142 w \u0141om\u017cy.<\/p>\n<p><strong>Stare d\u0142ugi<\/strong><\/p>\n<p>Miko\u0142aj Bernatowicz przy obl\u0119\u017ceniu Lwowa przez Turk\u00f3w w 1672 roku po\u015bwi\u0119ci\u0142 si\u0119 dobrowolnie za zak\u0142adnika. Do dzisiaj um\u00f3wiony okup nie zosta\u0142 zap\u0142acony.<\/p>\n","protected":false},"excerpt":{"rendered":"<p>Cytat z &#8222;Liber Chamorum&#8221; Bernatowicz nazywa\u0142 si\u0119 Jasiek, syn Piskorka mieszczanina w Olesznicy w Sendomierskiem, pan\u00f3w Lanckoro\u0144skich poddany. Ten tam w sendomierskim kraju po s\u0142u\u017cbach chodzi\u0142 i anno 1630, za szlachcica udaj\u0105c si\u0119. 23 razy [&hellip;]<\/p>\n","protected":false},"author":1,"featured_media":0,"parent":0,"menu_order":0,"comment_status":"open","ping_status":"open","template":"","meta":{"footnotes":""},"class_list":["post-134","page","type-page","status-publish","hentry"],"_links":{"self":[{"href":"https:\/\/bernatowicz.pl\/index.php?rest_route=\/wp\/v2\/pages\/134","targetHints":{"allow":["GET"]}}],"collection":[{"href":"https:\/\/bernatowicz.pl\/index.php?rest_route=\/wp\/v2\/pages"}],"about":[{"href":"https:\/\/bernatowicz.pl\/index.php?rest_route=\/wp\/v2\/types\/page"}],"author":[{"embeddable":true,"href":"https:\/\/bernatowicz.pl\/index.php?rest_route=\/wp\/v2\/users\/1"}],"replies":[{"embeddable":true,"href":"https:\/\/bernatowicz.pl\/index.php?rest_route=%2Fwp%2Fv2%2Fcomments&post=134"}],"version-history":[{"count":0,"href":"https:\/\/bernatowicz.pl\/index.php?rest_route=\/wp\/v2\/pages\/134\/revisions"}],"wp:attachment":[{"href":"https:\/\/bernatowicz.pl\/index.php?rest_route=%2Fwp%2Fv2%2Fmedia&parent=134"}],"curies":[{"name":"wp","href":"https:\/\/api.w.org\/{rel}","templated":true}]}}